 2) in base 8?
-5224111
Convert 1001442202 (base 5) to base 14.
3990a0
Convert 3b101 (base 12) to base 8.
236721
Convert -51466a (base 12) to base 14.
-251b90
What is -103110311123 (base 4) in base 16?
-4d4d5b
-80e769 (base 15) to base 13
-1365531
82baa (base 13) to base 11
150519
Convert -11a66c (base 14) to base 2.
-10010011101100011000
What is -12912c2 (base 14) in base 6?
-515530442
1143211 (base 5) to base 14
7c89
-72638a (base 12) to base 11
-1016013
Convert 6763770 (base 9) to base 2.
1101111001101100001100
What is 30500142 (base 6) in base 2?
11010110100010011110
Convert 4645254 (base 8) to base 11.
793984
11001000000001100000 (base 2) to base 14
174812
What is 1647300 (base 8) in base 9?
808844
Convert 5201411 (base 6) to base 12.
100267
-110000000122200 (base 3) to base 8
-30250451
53785 (base 10) to base 16
d219
Convert -95711 (base 10) to base 6.
-2015035
-c3df59 (base 16) to base 2
-110000111101111101011001
Convert 2cdf5c (base 16) to base 7.
33665441
1695a32 (base 11) to base 15
3bc90b
What is -2a22a (base 15) in base 8?
-410502
-14351333 (base 6) to base 10
-496713
-10010101100111011010 (base 2) to base 14
-11d494
2462643 (base 7) to base 9
534120
-10012213 (base 6) to base 13
-9b319
511464 (base 7) to base 8
251755
3261671 (base 11) to base 2
10101110110001000101110
230331203 (base 6) to base 8
20076763
-10010000211100 (base 3) to base 10
-1653975
What is -32023200 (base 4) in base 7?
-331221
Convert 5000 (base 14) to base 6.
143304
Convert -105516702 (base 8) to base 10.
-18259394
-100202001 (base 4) to base 3
-10102212220
What is -26323 (base 11) in base 9?
-56580
16b04 (base 14) to base 4
31323100
105942 (base 12) to base 6
5314122
Convert 211331 (base 8) to base 13.
26045
ab40 (base 12) to base 10
18912
What is -2011222102100 (base 3) in base 11?
-723200
-4a81d (base 14) to base 15
-391ee
-15ac3 (base 16) to base 5
-10320041
2212020322 (base 5) to base 4
102103130010
1110101010110001001 (base 2) to base 8
1652611
-1214232441 (base 6) to base 5
-12031023104
-1400404233 (base 5) to base 10
-3528693
Convert -887566 (base 9) to base 14.
-db452
What is -4412223 (base 5) in base 7?
-434252
Convert 5405601 (base 7) to base 10.
657483
Convert 54015215 (base 6) to base 14.
2d4dd1
What is 46b170 (base 15) in base 8?
14707021
What is -11101100000011001 (base 2) in base 5?
-12331412
Convert 475a4 (base 14) to base 16.
2a7ac
What is 10200020211 (base 3) in base 12?
35a57
What is 301200323 (base 4) in base 12?
9944b
What is -2103109 (base 10) in base 16?
-201745
3563662 (base 7) to base 11
28a186
235272 (base 8) to base 7
453620
What is -11154205 (base 7) in base 4?
-3231023113
-310001111332 (base 4) to base 15
-12e58ca
970879 (base 14) to base 10
5111003
Convert -15525513 (base 6) to base 11.
-34a776
152253 (base 6) to base 4
3213021
What is -542362 (base 8) in base 5?
-21301430
What is -111300022231 (base 4) in base 14?
-a86165
Convert 12249 (base 14) to base 11.
30369
Convert -37366 (base 16) to base 4.
-313031212
What is -2062100 (base 7) in base 14?
-673a7
47810 (base 11) to base 6
1250444
What is 256a1 (base 14) in base 9?
150016
What is -1010010010101111101011 (base 2) in base 15?
-384714
Convert 23b522 (base 13) to base 7.
10152532
Convert -34a903 (base 16) to base 12.
-11a522b
What is 11011000110010011010010 (base 2) in base 6?
412131254
Convert 33540504 (base 6) to base 3.
1221000200211
Convert -a5127 (base 16) to base 9.
-1240431
What is -210221222221020 (base 3) in base 2?
-101100100001100110100011
Convert -21111111110122 (base 3) to base 10.
-3985784
Convert -2e4d (base 15) to base 12.
-5931
1221041 (base 9) to base 10
663427
1243236 (base 7) to base 10
162021
Convert -50055521 (base 8) to base 13.
-223c532
-22112111122011 (base 3) to base 14
-861618
What is 1a9e5 (base 16) in base 9?
175503
-41131240 (base 5) to base 6
-11051052
-787acd (base 14) to base 10
-4093445
-29b5 (base 15) to base 10
-8945
13213332 (base 4) to base 6
400330
-40255413 (base 6) to base 3
-2011001220200
Convert -1131234 (base 7) to base 6.
-3013553
What is -4104 (base 9) in base 3?
-11010011
-245758 (base 9) to base 14
-3c22b
What is -584466 (base 9) in base 7?
-2661264
-1311222 (base 7) to base 3
-22200110200
Convert 125062 (base 10) to base 5.
13000222
Convert 12613522 (base 7) to base 13.
3196b4
Convert 1332010130 (base 4) to base 2.
1111110000100011100
Convert 111111000001101001010 (base 2) to base 6.
112133122
Convert 430410 (base 8) to base 7.
1135505
-30323300 (base 4) to base 11
-36890
-c3e71 (base 15) to base 3
-1011112200121
What is -10157421 (base 9) in base 3?
-100011221110201
11022121011222 (base 3) to base 13
624806
-28208a (base 14) to base 15
-1c6676
Convert 3722306 (base 8) to base 12.
415372
What is -1032014 (base 6) in base 8?
-143452
What is -7d9d0 (base 15) in base 6?
-12330010
What is -11dca5 (base 15) in base 4?
-3101022122
What is 42204104 (base 7) in base 16?
3663dd
-27288 (base 9) to base 3
-221022222
Convert 1246565 (base 11) to base 2.
1000001111100011111001
Convert 1173501 (base 8) to base 13.
b518c
What is -256776 (base 9) in base 10?
-155913
What is 16509a (base 11) in base 14?
69257
What is 11121201120 (base 3) in base 4?
112030230
-1302200321 (base 4) to base 3
-212211102012
Convert -106310 (base 10) to base 4.
-121331012
-29788 (base 15) to base 3
-20202220002
Convert 5977451 (base 11) to base 2.
100111101111110110011000
30301220 (base 4) to base 16
cc68
12671e (base 16) to base 14
235742
Convert 1219372 (base 11) to base 10.
2120725
-a4756 (base 12) to base 7
-1554555
What is 21122211201 (base 3) in base 14?
3cd47
Convert -243382 (base 13) to base 7.
-10226023
What is -3dac (base 16) in base 13?
-7256
Convert -111334324 (base 5) to base 7.
-4134455
122036 (base 10) to base 3
20012101212
-202100210021 (base 3) to base 7
-3256333
786a6 (base 15) to base 5
44223011
Convert 11801252 (base 10) to base 12.
3b51518
-3415522 (base 7) to base 14
-b0a12
What is -200210010100 (base 3) in base 4?
-1122100131
What is -5028469 (base 10) in base 12?
-1825bb1
Convert -2426321 (base 7) to base 16.
-4b92c
-285d7 (base 16) to base 11
-103245
3644284 (base 9) to base 13
543430
42764b (base 12) to base 8
4002333
Convert 2171044 (base 12) to base 2.
11000010010100111110100
Convert -321432123 (base 5) to base 12.
-556151
343213031 (base 5) to base 16
1779d4
Convert -35131144 (base 6) to base 5.
-234210112
1100101101110101110 (base 2) to base 12
18117a
Convert 82537 (base 11) to base 6.
2325323
What is -1d047 (base 16) in base 4?
-131001013
211112002 (base 3) to base 13
761c
-26252103 (base 7) to base 16
-249c69
4407 (base 10) to base 4
1010313
103330033 (base 4) to base 7
460063
42332040 (base 5) to base 6
11340434
-11311101 (base 6) to base 13
-c3c91
What is -101161354 (base 7) in base 15?
-7bc547
What is -255421 (base 11) in base 13?
-111262
2403323104 (base 5) to base 3
101101210010220
What is 23770 (base 13) in base 5?
4034422
What is -222135 (base 11) in base 8?
-1263635
What is -1024335012 (base 6) in base 8?
-51314220
Convert -76635 (base 8) to base 5.
-2012112
What is -2177600 (base 10) in base 4?
-20103221000
8a0df (base 16) to base 15
b2831
Convert 3104611 (base 8) to base 9.
1482064
Convert 1110000011100001110 (base 2) to base 12.
1a263a
What is 12224233211 (base 5) in base 9?
30554680
2226302 (base 7) to base 2
1000011010111010001
-3240443033 (base 5) to base 10
-6968518
Convert -7778907 (base 10) to base 15.
-a39cdc
Convert -5858442 (base 9) to base 6.
-151525232
What is -22102020000 (base 3) in base 8?
-503415
Convert -12b67 (base 15) to base 10.
-59947
Convert -661474 (base 9) to base 2.
-1100000011000011100
Convert -10111111110001010010 (base 2) to base 10.
-785490
-28442 (base 14) to base 9
-161585
Convert 34c7b2 (base 14) to base 3.
10101112022122
44232034 (base 5) to base 8
1354642
Convert 101110101011100001101 (base 2) to base 16.
17570d
Convert 1022110102 (base 3) to base 14.
95c6
Convert 122907 (base 11) to base 6.
4054323
Convert -293d9 (base 14) to base 3.
-12012100011
What is 1320405 (base 6) in base 8?
216025
Convert 231022231 (base 4) to base 3.
100101210001
What is -103131010 (base 4) in base 11?
-54960
Convert 262646 (base 10) to base 16.
401f6
What is -10110101111111000001 (base 2) in base 11?
-46a045
521